{"id":228,"date":"2024-02-08T08:40:08","date_gmt":"2024-02-08T08:40:08","guid":{"rendered":"http:\/\/dievilla-ev.de\/?page_id=228"},"modified":"2025-03-19T21:19:40","modified_gmt":"2025-03-19T21:19:40","slug":"about","status":"publish","type":"page","link":"https:\/\/dievilla-ev.de\/index.php\/about\/","title":{"rendered":"Leitbild"},"content":{"rendered":"\n<div class=\"wp-block-group alignwide is-horizontal is-content-justification-left is-layout-flex wp-container-core-group-is-layout-1 wp-block-group-is-layout-flex\">\n<h2 class=\"wp-block-heading has-text-align-left\">Die Elterninitiative<br>die Villa e. V.<\/h2>\n\n\n\n<p class=\"has-geologica-font-family\" style=\"font-size:16px;line-height:1.4\"><\/p>\n\n\n\n<ul class=\"wp-block-list\">\n<li>leistet einen Beitrag zur Verwirklichung der Gleichstellung der Geschlechter,<\/li>\n\n\n\n<li>entspricht dem Bed\u00fcrfnis nach sozial ausgestalteten familienerg\u00e4nzenden Betreuungsm\u00f6glichkeiten f\u00fcr Kleinkinder<\/li>\n<\/ul>\n\n\n\n<h2 class=\"wp-block-heading alignwide\">In der Kindertagesst\u00e4tte die Villa<\/h2>\n\n\n\n<p>&#8230; steht das Kind im Zentrum. Die Villa e.V. stellt die Bed\u00fcrfnisse und das Wohlbefinden der betreuten Kinder ins Zentrum ihrer p\u00e4dagogischen Arbeit, ihrer Einrichtung und ihrer Personalpolitik. Die Kinder werden in ihrem Selbstvertrauen gest\u00e4rkt und in ihrer je eigenen Entwicklung gef\u00f6rdert, ebenso im Mittelpunkt stehen die F\u00f6rderung des Gemeinschaftssinns und das gegenseitige miteinander achtsam Umgehen.<\/p>\n\n\n\n<p>&#8230; ist Qualit\u00e4t Verpflichtung. Das p\u00e4dagogische Konzept, die Qualifikationen und die Anzahl der Betreuungspersonen sowie die r\u00e4umliche Gestaltung entsprechen anerkannten Richtlinien und bieten f\u00f6rderliche Entwicklungsbedingungen f\u00fcr die Kinder.<\/p>\n\n\n\n<p>&#8230; bei Eltern, die in ihrem Einkommen unter einer bestimmten Grenze liegen, kann beim zust\u00e4ndigen Jugendamt ein Antrag auf vollst\u00e4ndige oder teilweise Kosten\u00fcbernahme gestellt werden.<\/p>\n\n\n\n<p>&#8230; k\u00f6nnen sich alle Beteiligten einbringen. Die Einrichtung pflegt gegen\u00fcber allen Teilnehmenden (Eltern, Vorstand, Studentenwerk, Personal etc.) eine offene Kommunikation und einen respektvollen Umgang. Alle Beteiligten haben die M\u00f6glichkeit im Rahmen ihrer Position und rechtlichen Grundlage Entscheidungen mitzubestimmen und tragen auf diese Weise Mitverantwortung. Die Hauptverantwortung f\u00fcr die Kinder liegt bei den Erziehungsberechtigten.<\/p>\n\n\n\n<p>&#8230; sind die Mitarbeitenden motiviert. Regelm\u00e4\u00dfige Team- und Mitarbeiter*innengespr\u00e4che, eine angemessene Entlohnung sowie Fortbildungsm\u00f6glichkeiten f\u00f6rdern die Arbeitszufriedenheit und damit auch die Qualit\u00e4t der Kinderbetreuung.<\/p>\n\n\n\n<p>&#8230; ist das Handeln nach \u00f6kologischen und nachhaltigen Grunds\u00e4tzen ein zentrales Anliegen. In der Einrichtung werden \u00f6kologische Grunds\u00e4tze beachtet und umgesetzt. Die verf\u00fcgbaren Ressourcen werden zielbezogen und wirkungsvoll eingesetzt. Dieser Grundsatz des Handelns soll auch den Kindern im t\u00e4glichen Umgang vermittelt werden.<\/p>\n<\/div>\n","protected":false},"excerpt":{"rendered":"<p>Die Elterninitiativedie Villa e. V. In der Kindertagesst\u00e4tte die Villa &#8230; steht das Kind im Zentrum. Die Villa e.V. stellt die Bed\u00fcrfnisse und das Wohlbefinden der betreuten Kinder ins Zentrum ihrer p\u00e4dagogischen Arbeit, ihrer Einrichtung und ihrer Personalpolitik. Die Kinder werden in ihrem Selbstvertrauen gest\u00e4rkt und in ihrer je eigenen Entwicklung gef\u00f6rdert, ebenso im Mittelpunkt [&hellip;]<\/p>\n","protected":false},"author":1,"featured_media":0,"parent":0,"menu_order":0,"comment_status":"closed","ping_status":"closed","template":"template-plain","meta":{"footnotes":""},"class_list":["post-228","page","type-page","status-publish","hentry"],"_links":{"self":[{"href":"https:\/\/dievilla-ev.de\/index.php\/wp-json\/wp\/v2\/pages\/228","targetHints":{"allow":["GET"]}}],"collection":[{"href":"https:\/\/dievilla-ev.de\/index.php\/wp-json\/wp\/v2\/pages"}],"about":[{"href":"https:\/\/dievilla-ev.de\/index.php\/wp-json\/wp\/v2\/types\/page"}],"author":[{"embeddable":true,"href":"https:\/\/dievilla-ev.de\/index.php\/wp-json\/wp\/v2\/users\/1"}],"replies":[{"embeddable":true,"href":"https:\/\/dievilla-ev.de\/index.php\/wp-json\/wp\/v2\/comments?post=228"}],"version-history":[{"count":14,"href":"https:\/\/dievilla-ev.de\/index.php\/wp-json\/wp\/v2\/pages\/228\/revisions"}],"predecessor-version":[{"id":1101,"href":"https:\/\/dievilla-ev.de\/index.php\/wp-json\/wp\/v2\/pages\/228\/revisions\/1101"}],"wp:attachment":[{"href":"https:\/\/dievilla-ev.de\/index.php\/wp-json\/wp\/v2\/media?parent=228"}],"curies":[{"name":"wp","href":"https:\/\/api.w.org\/{rel}","templated":true}]}}

<div class="wp-block-group alignwide is-horizontal is-content-justification-left is-layout-flex wp-container-core-group-is-layout-1 wp-block-group-is-layout-flex">
<h2 class="wp-block-heading has-text-align-left">Die Elterninitiative<br>die Villa e. V.</h2>



<p class="has-geologica-font-family" style="font-size:16px;line-height:1.4"></p>



<ul class="wp-block-list">
<li>leistet einen Beitrag zur Verwirklichung der Gleichstellung der Geschlechter,</li>



<li>entspricht dem Bedürfnis nach sozial ausgestalteten familienergänzenden Betreuungsmöglichkeiten für Kleinkinder</li>
</ul>



<h2 class="wp-block-heading alignwide">In der Kindertagesstätte die Villa</h2>



<p>&#8230; steht das Kind im Zentrum. Die Villa e.V. stellt die Bedürfnisse und das Wohlbefinden der betreuten Kinder ins Zentrum ihrer pädagogischen Arbeit, ihrer Einrichtung und ihrer Personalpolitik. Die Kinder werden in ihrem Selbstvertrauen gestärkt und in ihrer je eigenen Entwicklung gefördert, ebenso im Mittelpunkt stehen die Förderung des Gemeinschaftssinns und das gegenseitige miteinander achtsam Umgehen.</p>



<p>&#8230; ist Qualität Verpflichtung. Das pädagogische Konzept, die Qualifikationen und die Anzahl der Betreuungspersonen sowie die räumliche Gestaltung entsprechen anerkannten Richtlinien und bieten förderliche Entwicklungsbedingungen für die Kinder.</p>



<p>&#8230; bei Eltern, die in ihrem Einkommen unter einer bestimmten Grenze liegen, kann beim zuständigen Jugendamt ein Antrag auf vollständige oder teilweise Kostenübernahme gestellt werden.</p>



<p>&#8230; können sich alle Beteiligten einbringen. Die Einrichtung pflegt gegenüber allen Teilnehmenden (Eltern, Vorstand, Studentenwerk, Personal etc.) eine offene Kommunikation und einen respektvollen Umgang. Alle Beteiligten haben die Möglichkeit im Rahmen ihrer Position und rechtlichen Grundlage Entscheidungen mitzubestimmen und tragen auf diese Weise Mitverantwortung. Die Hauptverantwortung für die Kinder liegt bei den Erziehungsberechtigten.</p>



<p>&#8230; sind die Mitarbeitenden motiviert. Regelmäßige Team- und Mitarbeiter*innengespräche, eine angemessene Entlohnung sowie Fortbildungsmöglichkeiten fördern die Arbeitszufriedenheit und damit auch die Qualität der Kinderbetreuung.</p>



<p>&#8230; ist das Handeln nach ökologischen und nachhaltigen Grundsätzen ein zentrales Anliegen. In der Einrichtung werden ökologische Grundsätze beachtet und umgesetzt. Die verfügbaren Ressourcen werden zielbezogen und wirkungsvoll eingesetzt. Dieser Grundsatz des Handelns soll auch den Kindern im täglichen Umgang vermittelt werden.</p>
</div>

<p>Die Elterninitiativedie Villa e. V. In der Kindertagesstätte die Villa &#8230; steht das Kind im Zentrum. Die Villa e.V. stellt die Bedürfnisse und das Wohlbefinden der betreuten Kinder ins Zentrum ihrer pädagogischen Arbeit, ihrer Einrichtung und ihrer Personalpolitik. Die Kinder werden in ihrem Selbstvertrauen gestärkt und in ihrer je eigenen Entwicklung gefördert, ebenso im Mittelpunkt [&hellip;]</p>
