{"id":337,"date":"2024-02-08T10:09:27","date_gmt":"2024-02-08T10:09:27","guid":{"rendered":"http:\/\/dievilla-ev.de\/?page_id=337"},"modified":"2025-11-11T20:01:57","modified_gmt":"2025-11-11T20:01:57","slug":"kontakt","status":"publish","type":"page","link":"https:\/\/dievilla-ev.de\/index.php\/kontakt\/","title":{"rendered":"Kontakt"},"content":{"rendered":"\n<div class=\"wp-block-group alignwide is-layout-flow wp-container-core-group-is-layout-8 wp-block-group-is-layout-flow\">\n<div class=\"wp-block-group alignfull is-layout-constrained wp-container-core-group-is-layout-7 wp-block-group-is-layout-constrained\" style=\"padding-top:0;padding-right:0;padding-bottom:0;padding-left:0\">\n<div class=\"wp-block-group alignwide is-layout-flow wp-block-group-is-layout-flow\">\n<div class=\"wp-block-columns is-layout-flex wp-container-core-columns-is-layout-1 wp-block-columns-is-layout-flex\" style=\"padding-right:0;padding-left:0\">\n<div class=\"wp-block-column is-vertically-aligned-center is-layout-flow wp-block-column-is-layout-flow\">\n<div class=\"wp-block-group is-content-justification-left is-layout-constrained wp-container-core-group-is-layout-1 wp-block-group-is-layout-constrained\" style=\"border-radius:5px;padding-top:0;padding-right:0;padding-bottom:0;padding-left:0\">\n<p style=\"padding-left:var(--wp--preset--spacing--50)\">Die Villa e.V.<br>Tafelfeldstra\u00dfe 41<br>90443 N\u00fcrnberg<\/p>\n\n\n\n<p class=\"has-small-font-size\" style=\"padding-left:var(--wp--preset--spacing--50)\"><\/p>\n\n\n\n<hr class=\"wp-block-separator has-text-color has-custom-color-2-color has-alpha-channel-opacity has-custom-color-2-background-color has-background\"\/>\n<\/div>\n<\/div>\n\n\n\n<div class=\"wp-block-column is-vertically-aligned-top has-raft-bg-alt-background-color has-background is-layout-flow wp-block-column-is-layout-flow\" style=\"padding-top:var(--wp--preset--spacing--60);padding-right:var(--wp--preset--spacing--60);padding-bottom:var(--wp--preset--spacing--60);padding-left:var(--wp--preset--spacing--60)\">\n<div class=\"wp-block-group is-content-justification-left is-layout-constrained wp-container-core-group-is-layout-5 wp-block-group-is-layout-constrained\">\n<div class=\"wp-block-group is-content-justification-space-between is-layout-flex wp-container-core-group-is-layout-2 wp-block-group-is-layout-flex\">\n<p class=\"has-small-font-size\" style=\"font-style:normal;font-weight:600;letter-spacing:2px;text-transform:uppercase\">Telefon<\/p>\n\n\n\n<p>+49 911 860 485 69<\/p>\n<\/div>\n\n\n\n<hr class=\"wp-block-separator has-text-color has-custom-color-2-color has-alpha-channel-opacity has-custom-color-2-background-color has-background\"\/>\n\n\n\n<div class=\"wp-block-group is-content-justification-space-between is-layout-flex wp-container-core-group-is-layout-3 wp-block-group-is-layout-flex\">\n<p class=\"has-small-font-size\" style=\"font-style:normal;font-weight:600;letter-spacing:2px;text-transform:uppercase\">Mail<\/p>\n\n\n\n<p class=\"has-black-color has-text-color has-link-color wp-elements-82f6cdbca1ce1d6ab7037fd6bb5c2830\"><a href=\"mailto:leitung@dievilla-ev.de\">leitung@dievilla-ev.de<\/a><\/p>\n<\/div>\n\n\n\n<hr class=\"wp-block-separator has-text-color has-custom-color-2-color has-alpha-channel-opacity has-custom-color-2-background-color has-background\"\/>\n\n\n\n<div class=\"wp-block-group is-content-justification-space-between is-layout-flex wp-container-core-group-is-layout-4 wp-block-group-is-layout-flex\">\n<p class=\"has-small-font-size\" style=\"font-style:normal;font-weight:600;letter-spacing:2px;text-transform:uppercase\">Mail<\/p>\n\n\n\n<p class=\"has-black-color has-text-color has-link-color wp-elements-d961a1f71584c902731d0a681a97f227\"><a href=\"mailto:webmaster@dievilla-ev.de\">webmaster@dievilla-ev.de<\/a><\/p>\n<\/div>\n<\/div>\n<\/div>\n<\/div>\n<\/div>\n<\/div>\n<\/div>\n\n\n\n<div style=\"height:100px\" aria-hidden=\"true\" class=\"wp-block-spacer\"><\/div>\n\n\n\n<hr class=\"wp-block-separator has-alpha-channel-opacity\"\/>\n\n\n\n<h2 class=\"wp-block-heading\">Vormerkung f\u00fcr einen Betreuungsplatz<\/h2>\n\n\n\n<p>Das Vormerkformular kann hier heruntergeladen werden. Bitte ausgef\u00fcllt per E-Mail an <strong><a>leitung@dievilla-ev.de<\/a><\/strong> senden oder direkt in der Einrichtung abgeben.<\/p>\n\n\n\n<div class=\"wp-block-buttons is-content-justification-center is-layout-flex wp-container-core-buttons-is-layout-1 wp-block-buttons-is-layout-flex\">\n<div class=\"wp-block-button is-style-outline hvr-forward is-style-outline--1\"><a class=\"wp-block-button__link has-raft-fg-color has-text-color has-background has-link-color has-text-align-center wp-element-button\" href=\"https:\/\/dievilla-ev.de\/wp-content\/uploads\/2025\/11\/NEU-Vormerkformular.pdf\" style=\"background-color:#f7ded200\" target=\"_blank\" rel=\"noreferrer noopener\">Vormerkformular<br>herunterladen (PDF)<\/a><\/div>\n<\/div>\n\n\n\n<p><\/p>\n","protected":false},"excerpt":{"rendered":"<p>Die Villa e.V.Tafelfeldstra\u00dfe 4190443 N\u00fcrnberg Telefon +49 911 860 485 69 Mail leitung@dievilla-ev.de Mail webmaster@dievilla-ev.de Vormerkung f\u00fcr einen Betreuungsplatz Das Vormerkformular kann hier heruntergeladen werden. Bitte ausgef\u00fcllt per E-Mail an leitung@dievilla-ev.de senden oder direkt in der Einrichtung abgeben.<\/p>\n","protected":false},"author":1,"featured_media":0,"parent":0,"menu_order":0,"comment_status":"closed","ping_status":"closed","template":"template-plain","meta":{"footnotes":""},"class_list":["post-337","page","type-page","status-publish","hentry"],"_links":{"self":[{"href":"https:\/\/dievilla-ev.de\/index.php\/wp-json\/wp\/v2\/pages\/337","targetHints":{"allow":["GET"]}}],"collection":[{"href":"https:\/\/dievilla-ev.de\/index.php\/wp-json\/wp\/v2\/pages"}],"about":[{"href":"https:\/\/dievilla-ev.de\/index.php\/wp-json\/wp\/v2\/types\/page"}],"author":[{"embeddable":true,"href":"https:\/\/dievilla-ev.de\/index.php\/wp-json\/wp\/v2\/users\/1"}],"replies":[{"embeddable":true,"href":"https:\/\/dievilla-ev.de\/index.php\/wp-json\/wp\/v2\/comments?post=337"}],"version-history":[{"count":37,"href":"https:\/\/dievilla-ev.de\/index.php\/wp-json\/wp\/v2\/pages\/337\/revisions"}],"predecessor-version":[{"id":1210,"href":"https:\/\/dievilla-ev.de\/index.php\/wp-json\/wp\/v2\/pages\/337\/revisions\/1210"}],"wp:attachment":[{"href":"https:\/\/dievilla-ev.de\/index.php\/wp-json\/wp\/v2\/media?parent=337"}],"curies":[{"name":"wp","href":"https:\/\/api.w.org\/{rel}","templated":true}]}}

<div class="wp-block-group alignwide is-layout-flow wp-container-core-group-is-layout-8 wp-block-group-is-layout-flow">
<div class="wp-block-group alignfull is-layout-constrained wp-container-core-group-is-layout-7 wp-block-group-is-layout-constrained" style="padding-top:0;padding-right:0;padding-bottom:0;padding-left:0">
<div class="wp-block-group alignwide is-layout-flow wp-block-group-is-layout-flow">
<div class="wp-block-columns is-layout-flex wp-container-core-columns-is-layout-1 wp-block-columns-is-layout-flex" style="padding-right:0;padding-left:0">
<div class="wp-block-column is-vertically-aligned-center is-layout-flow wp-block-column-is-layout-flow">
<div class="wp-block-group is-content-justification-left is-layout-constrained wp-container-core-group-is-layout-1 wp-block-group-is-layout-constrained" style="border-radius:5px;padding-top:0;padding-right:0;padding-bottom:0;padding-left:0">
<p style="padding-left:var(--wp--preset--spacing--50)">Die Villa e.V.<br>Tafelfeldstraße 41<br>90443 Nürnberg</p>



<p class="has-small-font-size" style="padding-left:var(--wp--preset--spacing--50)"></p>



<hr class="wp-block-separator has-text-color has-custom-color-2-color has-alpha-channel-opacity has-custom-color-2-background-color has-background"/>
</div>
</div>



<div class="wp-block-column is-vertically-aligned-top has-raft-bg-alt-background-color has-background is-layout-flow wp-block-column-is-layout-flow" style="padding-top:var(--wp--preset--spacing--60);padding-right:var(--wp--preset--spacing--60);padding-bottom:var(--wp--preset--spacing--60);padding-left:var(--wp--preset--spacing--60)">
<div class="wp-block-group is-content-justification-left is-layout-constrained wp-container-core-group-is-layout-5 wp-block-group-is-layout-constrained">
<div class="wp-block-group is-content-justification-space-between is-layout-flex wp-container-core-group-is-layout-2 wp-block-group-is-layout-flex">
<p class="has-small-font-size" style="font-style:normal;font-weight:600;letter-spacing:2px;text-transform:uppercase">Telefon</p>



<p>+49 911 860 485 69</p>
</div>



<hr class="wp-block-separator has-text-color has-custom-color-2-color has-alpha-channel-opacity has-custom-color-2-background-color has-background"/>



<div class="wp-block-group is-content-justification-space-between is-layout-flex wp-container-core-group-is-layout-3 wp-block-group-is-layout-flex">
<p class="has-small-font-size" style="font-style:normal;font-weight:600;letter-spacing:2px;text-transform:uppercase">Mail</p>



<p class="has-black-color has-text-color has-link-color wp-elements-82f6cdbca1ce1d6ab7037fd6bb5c2830"><a href="mailto:leitung@dievilla-ev.de">leitung@dievilla-ev.de</a></p>
</div>



<hr class="wp-block-separator has-text-color has-custom-color-2-color has-alpha-channel-opacity has-custom-color-2-background-color has-background"/>



<div class="wp-block-group is-content-justification-space-between is-layout-flex wp-container-core-group-is-layout-4 wp-block-group-is-layout-flex">
<p class="has-small-font-size" style="font-style:normal;font-weight:600;letter-spacing:2px;text-transform:uppercase">Mail</p>



<p class="has-black-color has-text-color has-link-color wp-elements-d961a1f71584c902731d0a681a97f227"><a href="mailto:webmaster@dievilla-ev.de">webmaster@dievilla-ev.de</a></p>
</div>
</div>
</div>
</div>
</div>
</div>
</div>



<div style="height:100px" aria-hidden="true" class="wp-block-spacer"></div>



<hr class="wp-block-separator has-alpha-channel-opacity"/>



<h2 class="wp-block-heading">Vormerkung für einen Betreuungsplatz</h2>



<p>Das Vormerkformular kann hier heruntergeladen werden. Bitte ausgefüllt per E-Mail an <strong><a>leitung@dievilla-ev.de</a></strong> senden oder direkt in der Einrichtung abgeben.</p>



<div class="wp-block-buttons is-content-justification-center is-layout-flex wp-container-core-buttons-is-layout-1 wp-block-buttons-is-layout-flex">
<div class="wp-block-button is-style-outline hvr-forward is-style-outline--1"><a class="wp-block-button__link has-raft-fg-color has-text-color has-background has-link-color has-text-align-center wp-element-button" href="https://dievilla-ev.de/wp-content/uploads/2025/11/NEU-Vormerkformular.pdf" style="background-color:#f7ded200" target="_blank" rel="noreferrer noopener">Vormerkformular<br>herunterladen (PDF)</a></div>
</div>



<p></p>

<p>Die Villa e.V.Tafelfeldstraße 4190443 Nürnberg Telefon +49 911 860 485 69 Mail leitung@dievilla-ev.de Mail webmaster@dievilla-ev.de Vormerkung für einen Betreuungsplatz Das Vormerkformular kann hier heruntergeladen werden. Bitte ausgefüllt per E-Mail an leitung@dievilla-ev.de senden oder direkt in der Einrichtung abgeben.</p>
